t d be c(f). Suppose d*r = -0*r - 12. Determine s(r).
-2
Let f(b) = -b**3 - b**2 - b + 8. Suppose 0 = -5*v - 1 + 11. Let o = v + -2. Calculate f(o).
8
Let i(f) = 5*f. Let c = 9 - 11. What is i(c)?
-10
Let p(z) be the second derivative of -z**5/20 - 7*z**4/12 - z**3 - 9*z**2/2 - 3*z. What is p(-6)?
-9
Let h(d) = d**2 - 5*d - 3. Let y be (36/8)/((-3)/(-4)). Let o be 0/(-3 + 2) + y. Give h(o).
3
Suppose a - 3*a + 6 = 0. Let t = -13 - -8. Let o = a + t. Let s(x) = -4*x - 2. Determine s(o).
6
Let q = -1 + 3. Suppose i + 6 = -t, -q*i + t - 7 = -1. Let p(d) = -3*d - 5. What is p(i)?
7
Let x(h) be the second derivative of h**3/3 - 3*h. Let l = 1 - -4. Determine x(l).
10
Let p(w) = -4*w**2 + 4*w - 6. Suppose 0 = -m - g + 7, -5*g + 15 + 2 = 2*m. Let r(t) = -5*t**2 + 5*t - 7. Let z(c) = m*p(c) - 5*r(c). Calculate z(2).
1
Let u(j) = 6*j**3 + 2*j + 7. Let m(a) = 5*a**3 + a**2 + 2*a + 7. Let b(z) = -5*m(z) + 4*u(z). Determine b(-5).
3
Let s(r) = -r**3 - 4*r**2 + 6*r - 2. Let d = 12 + -20. Let c be d + 3*(4 - 3). Calculate s(c).
-7
Let h(x) = -10*x**2 + 3*x**3 - 3*x**3 + 12 - 12*x + x**3. Let s be h(11). Let m(d) = -3*d**2 - d. Let a be m(s). Let o(w) = w + 1. Determine o(a).
-3
Let d be 3/6*10*-2. Let r(x) = -x**2 - 10*x - 8. What is r(d)?
-8
Let f(i) = -5*i**2 - 11*i + 14. Let y(a) = -2*a**2 - 4*a + 5. Let s(x) = 4*f(x) - 11*y(x). Suppose -5*o + 5*l - 5 = 0, -3*o + 0*l + 11 = 4*l. Calculate s(o).
3
Let s(z) be the first derivative of -3*z**2 + 2 + 1/3*z**3 + 1/12*z**4 - 2*z. Let r(l) be the first derivative of s(l). Give r(-5).
9
Let m = -2 + 3. Let n(v) be the third derivative of -v**6/72 - v**4/12 - 2*v**2. Let g(p) be the second derivative of n(p). Calculate g(m).
-10
Let r(i) = i - 11. Let m = -41 + 46. Give r(m).
-6
Let f(i) = i**3 + 6*i**2 - 8*i. Let o(g) = -g - 14 - 3*g + 8*g - 5*g. Let j be o(-7). What is f(j)?
7
Suppose 4*b - 3*b = 5. Suppose 1 + b = -a. Let u(p) = p**3 + 6*p**2 + 2*p + 9. Give u(a).
-3
Let k(a) be the first derivative of -a**4/4 - 5*a**3/3 + 5*a**2/2 + 7*a + 29. What is k(-6)?
13
Let c(r) = 17*r + 3*r**2 + 7 + 8*r - 8*r**3 - 11*r. Let m(g) = 7*g**3 - 2*g**2 - 13*g - 7. Let v(a) = -6*c(a) - 7*m(a). Give v(-5).
-3
Let m(h) = 5*h**3 - 5*h**2 - 3*h + 4. Let r(u) = u**3 - u**2 - u + 1. Suppose 3*q - 10 = -2*q. Let c = -1 + q. Let k(i) = c*m(i) - 3*r(i). What is k(1)?
1
Let n(c) be the second derivative of -c**5/20 + c**3/2 - 3*c**2/2 + 16*c. What is n(-3)?
15
Suppose -5*q = 5*c - 10, 3*c - 8*q + 3*q = -34. Let t(s) be the third derivative of -s**6/120 - s**5/15 + s**3/2 - 9*s**2. Give t(c).
-6
Let z(a) = a**2 - 11*a - 2. Let s = -24 + 35. Determine z(s).
-2
Let z(l) be the second derivative of -l**4/12 - 2*l**3/3 - 3*l**2/2 - 14*l. Give z(-3).
0
Let a(o) = -o**3 + 3*o**2 + 11*o - 1. Let d be a(5). Let g(l) = -l - 5. What is g(d)?
-9
Suppose 2*y - 4*y = 8, -4*t = -5*y. Let i = t + 8. Let p(l) = -15*l + 6. Let h(r) = 5*r - 2. Let a(j) = 17*h(j) + 6*p(j). Determine a(i).
-13
Let d(a) = a**2 + 8*a + 5. Suppose -2*n = n + 3. Let v(r) = -r - 1. Let w(j) = n*d(j) - 6*v(j). What is w(-2)?
1
Let y(o) be the second derivative of -o**4 + o**3/6 + 40*o. What is y(1)?
-11
Let n(v) = 6*v - 1 - 461*v**2 + 462*v**2 + 3. What is n(-6)?
2
Let m(u) = 4*u + 39 - u**2 - u - 33 + u. What is m(7)?
-15
Suppose 4*d + 6 = 2*d. Let m(x) = 1. Let a(i) = 0*i - 7 + 3 - i. Let b(h) = -a(h) - 5*m(h). Calculate b(d).
-4
Suppose -4*w - 5 + 13 = 0. Let j(k) = -10*k - 3*k**2 - k**3 + 10*k**w + 8 + 0*k**3 + 3*k. What is j(6)?
2
Let u(f) = 2*f**3 + 3*f**2 + 2*f + 2. Let d be (-1)/(1 + 4/(-8)). Calculate u(d).
-6
Let q be (-1)/4 - 5/(-4). Let h(g) be the first derivative of g**4 - g**3/3 - 14. Calculate h(q).
3
Let w(j) be the first derivative of 5*j**3/6 - j**2/2 + 4*j - 2. Let g(p) be the first derivative of w(p). Let y(c) = c - 5. Let a be y(6). Give g(a).
4
Suppose -4*w + 1 + 5 = 5*n, 0 = -w - 5*n - 6. Suppose 5*g + w*a + 9 = 0, -7*g + 2*g = 5*a + 10. Let m(b) = b**3. Calculate m(g).
-1
Let o(i) = -2*i - 3 + 1 - 6. Let r(b) = -b**3 + 3*b**2 + 3*b - 2. Let m be r(4). Calculate o(m).
4
Let a be 6/(-6) + 6 - 3. Let v(u) = 3 + 2*u**2 - 5*u + 2*u + 0*u**2 - u**3. Calculate v(a).
-3
Let p = 2 + -3. Let k(m) be the third derivative of m**5/30 - m**3/6 - 21*m**2. Determine k(p).
1
Suppose 5*g - j = -1 - 3, 5*j - 20 = -3*g. Suppose -q = 5*h - g*q + 27, -3*q = -5*h - 39. Let f(k) = k**2 + 6*k + 5. Determine f(h).
5
Let j(t) = 15*t**2 - 2*t + 3. Let f(a) = -44*a**2 + 6*a - 8. Let u(w) = -4*f(w) - 11*j(w). Let g be (-12)/90 - 13/15. Calculate u(g).
12
Let x = 18 + -13. Suppose 0*g + 24 = g + x*h, -5*g + 5*h = 30. Let l(q) = 4*q**2 + q + 1. What is l(g)?
4
Let x(c) = -c**2 - 5*c - 6. Let s(v) be the first derivative of v**3/3 - 3*v**2/2 - 8*v - 8. Let h be s(4). What is x(h)?
-2
Let u = 65 - 70. Let h(o) = o**3 + 4*o**2 - 6*o - 2. Determine h(u).
3
Let i(h) = -h**3 + 6*h**2 + 9*h - 10. Suppose 0 = -4*p + 11 + 17. What is i(p)?
4
Let a be ((-6)/(-4))/(2/(-3 - 1)). Let y(v) = -2*v + 1. What is y(a)?
7
Let v be 3/12 + 14/8. Suppose -6 = 5*g - 3*g, -2*g - v = -y. Let a(i) = -i**2 - 4*i + 1. Determine a(y).
1
Let q(d) be the third derivative of d**4/12 - 2*d**3/3 - 2*d**2. Suppose 3*n + 2*t - 11 = 4*t, 2*t = -n + 1. Suppose -3*w = 9 + n. What is q(w)?
-12
Suppose 5*l - 20 + 5 = -5*n, -4*l = -12. Let z(c) = 20*c**2 - 14*c - 35. Let g(t) = 7*t**2 - 5*t - 12. Let j(o) = 17*g(o) - 6*z(o). What is j(n)?
6
Let z(p) = -3*p + 26. Let w(o) = -o + 12. Let k(x) = -13*w(x) + 6*z(x). Determine k(-1).
5
Let l(a) be the third derivative of -a**6/360 + 3*a**4/8 - a**3/6 - a**2. Let m(s) be the first derivative of l(s). Suppose 3*w = w. Calculate m(w).
9
Let d(g) be the first derivative of 1/2*g**2 - 1/4*g**4 + g - 2/3*g**3 - 3. Let n(p) = 1. Let j(s) = -d(s) - 2*n(s). Give j(-3).
-9
Let c = -64 - -68. Let p(j) = -j**3 + 4*j**2 + 2*j - 6. Give p(c).
2
Suppose -4*d - 26 = -d - 5*o, -3*d + o - 22 = 0. Let u be 1 + -9 + 10 + d. Let r(b) = b**2 + 4*b - 4. Give r(u).
1
Let o(r) = -r**3 + r**2 + r - 1. Let d be o(1). Let s(a) = 0*a**2 + d*a**2 - 2*a**2 - 3 + 3*a. What is s(2)?
-5
Let x(y) = -y**2 - 4*y - 2. Let i be -4 + 2 + -3 + 0. Give x(i).
-7
Let o(u) be the first derivative of u**7/840 - u**5/120 - 5*u**4/12 - u**3/3 + 3. Let h(r) be the third derivative of o(r). Calculate h(0).
-10
Let s(l) = -3 + 2*l + 3. Suppose -2*h = -3*k + 3*h - 79, 0 = 3*k + 3*h + 39. Let r be k/8*4/(-3). What is s(r)?
6
Let o(w) = w + 2. Let c be o(-7). Let v(a) = a + 3. Calculate v(c).
-2
Let x(s) be the second derivative of -2*s**3/3 + 13*s. What is x(-2)?
8
Let m(h) be the first derivative of h**2/2 + 5*h + 2. Let y(k) be the first derivative of -k**4/4 - 5*k**3/3 + 4*k**2 + 8*k + 1. Let d be y(-6). What is m(d)?
1
Let c be (-2)/(10/16*(-6)/(-15)). Let j(g) = g**3 + 8*g**2 - 4. Calculate j(c).
-4
Let h(i) = i**2 - 2*i. Suppose 7 - 15 = -2*v. What is h(v)?
8
Let n(y) = 0*y**2 - 3*y**3 + 4 - 4*y**2 + 2*y**3. Let r be 2*(-1 - 2 - -2). Let d be (2 - (0 - r)) + -4. Determine n(d).
4
Let t(d) = 5*d**3 - 2*d**2 - 8*d - 3. Suppose 0*h - 3*h = -18. Let w(k) = -4*k**3 + k**2 + 7*k + 3. Let a(g) = h*w(g) + 5*t(g). Let s = 4 + 0. Give a(s).
11
Let u(g) = -g - 8. Let w be (-28)/5 - (-14)/(-35). What is u(w)?
-2
Let v(q) = -2*q + 8. Let i be v(-6). Suppose 0*g - o = 4*g - i, 8 = -2*g + 4*o. Suppose -d + 3*d = -g*a, -a = 0. Let r(c) = c**2 - 1. Determine r(d).
-1
Let r(l) = l**2 + 7*l - 3. Let u be r(-8). Let t(k) = 4*k**3 - k**2 + k + 4. Let d(h) = 4*h**3 - h**2 + h + 3. Let a(z) = u*d(z) - 4*t(z). Calculate a(1).
3
Let w(v) = v**3 + 4*v**2 + 2. Let u be w(-4). Let b(q) = 2*q**2. Determine b(u).
8
Let k(x) = -x**3 + 2*x**2 - 3*x + 2. Suppose 35 = 2*u - 3. Suppose 5*b - 1 = u. Suppose -j - 6 = -2*j - b*l, 5 = 5*l. Determine k(j).
-4
Let v(a) = -a + 6. Let x(w) = w - 13. Let c be x(13). Give v(c).
6
Let i(k) be the third derivative of k**8/6720 + k**7/1260 + k**6/720 - k**4/8 + k**2. Let b(p) be the second derivative of i(p). Calculate b(-2).
-2
Suppose 19 = 3*m - 4*k, -2*m + 3*k = -k - 18. Let w(r) be the second derivative of -r**5/20 - r**4/12 + r**3/3 - r**2/2 - 7*r. Calculate w(m).
-1
Suppose -2*x - 2 = -c - 3, 0 = 3*c - 3*x - 3. Suppose 18 = -4*p - 2, 23 = c*b - 4*p. Let a(r) be the first derivative of -r**2/2 + r - 2. Give a(b).
0
